 j = u - 1. Suppose 0*n + n = j. What is the units digit of n?
2
Let n(q) = 2*q**2 - q - 4. Let b(w) = w**2 - w - 2. Let x(l) = 7*b(l) - 3*n(l). Let h be -3 - -2 - (-8 - -1). What is the units digit of x(h)?
0
Suppose -2*w - 2*w + 12 = 0. Suppose -4*a + w*a - 57 = 4*d, 0 = -a + 3. Let k = d - -29. What is the tens digit of k?
1
Suppose -2*f = -6 - 62. What is the tens digit of f?
3
Suppose 5*u - u + 16 = 0. What is the units digit of (-15)/u - (-2)/8?
4
Suppose -5*j - 4*l + 64 = 22, -2*j + 3*l + 26 = 0. Suppose 2*s - j = s. What is the units digit of s?
0
Suppose -87 = 5*d - 372. What is the tens digit of d?
5
Let o(a) = -a**2 - 9*a - 1. Let u be -3 + -2 + -2 + 3. What is the tens digit of o(u)?
1
Let z = 23 + -33. Let q = 12 + z. What is the units digit of q?
2
Suppose 4 = 3*s - 3*k + 1, -5 = -5*s + k. Let v = 19 - s. What is the tens digit of v?
1
Suppose -8*v + 4*v - 368 = 0. What is the units digit of v/(-20) + 2/5?
5
Suppose 0 = -4*v + 46 - 2. What is the units digit of v?
1
Let u(p) = p**2 + 2*p + 2. Let f be u(-2). What is the units digit of 32/f*(-2)/(-2)?
6
Suppose 0*h + 8 = 2*h, -4*q + 4*h = -132. What is the units digit of q?
7
Suppose 0 = -3*i + 7*i - 168. What is the tens digit of i?
4
Let u = 7 - 4. Suppose -5*z + 10 = -u*z. What is the units digit of z?
5
Let d be 36/(-4)*(-2)/(-6). Let m be d + 6/2 - 3. Let y = 6 - m. What is the units digit of y?
9
Let p(l) = -l**3 - 2*l**2 - 5*l - 3. What is the tens digit of p(-4)?
4
Let l(o) be the first derivative of -3*o**2/2 - 3*o - 3. Let y be 15/(-5)*(-1 - -2). What is the units digit of l(y)?
6
Suppose 4*t + t = 0. Let z(m) = m + 15. Let s be z(t). Suppose 3*w + 2*w - s = 0. What is the units digit of w?
3
Let h(n) = -2*n + 99. What is the units digit of h(34)?
1
What is the units digit of (276/3)/2 + 4?
0
Let i(d) = -d**2 + 6*d + 3. Let k = -8 + 14. Let u be i(k). Let t = u - 2. What is the units digit of t?
1
Let l(g) = -g**3 - 7*g**2 - 4*g + 1. What is the units digit of l(-7)?
9
Let a(g) = 3*g + 5*g**2 - 2*g - 3*g + 1. Let z(k) = k. Let q be z(2). What is the units digit of a(q)?
7
Suppose -5*r + 84 = -2*r + 2*a, 2*r - 56 = 3*a. What is the tens digit of r?
2
Let y(r) = -r**3 - 8*r**2 - 4*r + 9. What is the hundreds digit of y(-9)?
1
Let p(f) = 8*f**2 - f. Let t be p(-1). Suppose 3*w = -0 - t. What is the units digit of (-3 - 3)/(w/4)?
8
Let q = -2 - -4. Suppose 0 = 4*s - q*s - 26. What is the units digit of s?
3
Let y(i) = 20*i - 18. What is the units digit of y(14)?
2
Suppose w + 3*s = 11, 3*w + 7 - 35 = -4*s. What is the units digit of w?
8
Suppose 5*g + 15 = 3*y, -2*g = 4*y - g - 20. Suppose -2*k = 2*m - 18, m - 44 = -4*k + y*m. What is the tens digit of k?
1
Let i = 13 - 19. Let x = 21 + i. What is the tens digit of x?
1
Suppose -437 + 105 = -4*o. What is the tens digit of o?
8
Suppose -2*u = 5*d - 37, -3*u - d - 3 = -52. Suppose 0*c - 4*c = -u. Suppose 0 = -3*v + c*q + 2, v + 0 = 4*q - 2. What is the units digit of v?
2
Let q(y) = -2*y + 2. Let n be q(2). Let f = n - -7. Let k(j) = j**3 - 5*j**2 + j + 1. What is the units digit of k(f)?
6
Let a(o) = 5*o - 1. Let j be a(1). Suppose 5*w - 29 = 46. Suppose -j*r + w = r. What is the units digit of r?
3
Let j(a) = -3 - a**2 - 2 - 5*a + 6. What is the units digit of j(-4)?
5
What is the units digit of 0 + 20 + 0 + -3?
7
What is the units digit of (1 + 12/(-9))*-102?
4
Let u(s) = -s**3 + s**2 + 2*s + 1. Let g be u(-1). Let v be (1 + -1)/(-1 - g). Suppose 4*z + 2*y - 14 = v, 4*z + 4*y - 7 = 5. What is the units digit of z?
4
Let h(a) = -a**3 + 10*a**2 - 8*a - 3. Let x be (1 + -4)*8/(-6). Let n be x/(-6) + (-58)/(-6). What is the units digit of h(n)?
6
Let y(k) = 29*k**3 + 2*k**2 - 2*k + 1. What is the tens digit of y(1)?
3
Let q = 12 + 25. What is the tens digit of q?
3
Let l = 22 + -13. What is the units digit of l?
9
Suppose 2*d = 3*b - 16, 2 + 8 = 4*b + 3*d. Suppose b*l - 14 = -50. What is the units digit of 14/10 + l/(-15)?
2
What is the units digit of 1/(-3 + (-280)/(-92))?
3
Let m = 5 - 1. Let w(f) = -f**2 + 3*f + 5. Let l be w(m). Suppose l = 2*k - 19. What is the tens digit of k?
1
Suppose 496 + 86 = 6*c. Let i = c - 50. What is the units digit of i?
7
Let f(t) = -4*t - 8. Let y be ((-10)/15)/((-4)/(-42)). What is the units digit of f(y)?
0
Suppose -2*v + 7*u + 8 = 2*u, -4*u = 5*v + 46. Let q be (-16)/v - 1/(-3). What is the tens digit of -26*(0 - q/6)?
1
Let p(z) = z**3 - z**2 - z + 5. What is the hundreds digit of p(5)?
1
Suppose 4*a - 7 - 13 = 0. What is the units digit of a?
5
Let g(t) = 8*t + 1. What is the tens digit of g(6)?
4
What is the tens digit of (0/(-1) - 1)*-28?
2
Suppose -5*f + f + 392 = 0. What is the units digit of f?
8
Suppose 24 = 5*x - 3*x. What is the tens digit of x?
1
Let g(l) = -6*l**3 - l**2 + 1. Let d be g(1). What is the tens digit of (3/d)/((-6)/264)?
2
Let u(z) = 195*z**2 + z. Let y be u(-1). Suppose 4*k - 240 = -5*a, -9 = -4*a - k + y. What is the tens digit of a?
5
Suppose -4*f = 3*y - 19, -2*f - 18 = -5*f - 3*y. Suppose c + f = 2. What is the units digit of c?
1
Let b(u) = -6*u - 5. Let j be b(-7). Suppose -4*c + c = -5*s + j, 3*s - 7 = -2*c. Suppose -s*h = -5*n - 15, 0*n + 1 = 3*h + n. What is the units digit of h?
1
Let o = 12 + -10. What is the units digit of (-7)/(45/24 - o)?
6
Let n = 118 + -64. What is the tens digit of n?
5
Suppose 48*f - 50 = 43*f. What is the tens digit of f?
1
Let k be 10*3/6*-1. Let i = k + 14. What is the units digit of i?
9
Suppose -8 - 4 = -4*s. Suppose -z + 5 = -s. What is the units digit of z?
8
Let u be 1*(2*-3)/(-2). Suppose 7 = -u*h - 2, -2*q + 3*h + 23 = 0. What is the units digit of q?
7
Suppose 5*j + 2 = 12. Suppose -2 = -u + j. Suppose 6 - 2 = u*i. What is the units digit of i?
1
Suppose -5*p + 2*o + 134 = 0, -4*o - 81 = -4*p + 31. What is the tens digit of p?
2
Suppose 5*h + 2 = 47. What is the units digit of h?
9
Suppose -3*p + 12*p = 54. What is the units digit of p?
6
Suppose -12*f + 11*f - 4 = 0. Let h(y) = -2*y - 6. What is the units digit of h(f)?
2
Suppose -2*a - 3*u = -0*a - 17, 4*a - 41 = u. What is the units digit of a/(13/(-5) - -3)?
5
Let j(v) = -v**2 + 7*v - 1. Let f be j(6). Suppose -2*z + 18 - 65 = -f*g, 38 = 2*g + 4*z. Let y = -7 + g. What is the units digit of y?
4
Let j(z) = -1 + z - 1 + 2 - 1. Let l be j(4). Suppose -4*p = x - l*p - 4, 6 = 4*x - p. What is the units digit of x?
2
Let l(f) = 116*f**2 - f - 1. What is the hundreds digit of l(1)?
1
What is the units digit of (-4)/18 - 238/(-18)?
3
Let k(c) = -8*c - 6. Let u be k(-12). Suppose -5*g = -0*g - u. What is the tens digit of g?
1
What is the tens digit of 10 + 2 + 0 + -1?
1
Suppose 0 = -4*h + 1 + 23. Let c = h + -8. What is the units digit of c/2 + (-2 - -10)?
7
Let k be 1 - (-1 + 4 + -33). Let b = k + -10. What is the tens digit of b?
2
Suppose 90 - 5 = 2*k + 5*s, 4*k + 2*s - 210 = 0. Let a = 90 - k. What is the tens digit of a?
3
Let v be 2/4*2 - 5. Let h = -2 - v. Suppose -3*j = h*j - 50. What is the units digit of j?
0
Suppose l = -3*l - 20. What is the units digit of ((-3)/(-3))/((-1)/l)?
5
Let c(b) = b**2 - b + 1. Let d(s) = 7*s**2 + 6. Let p(f) = -4*c(f) + d(f). What is the units digit of p(-2)?
6
Suppose 2*k = -3*p + 19, 4*p - 3*p = -4*k + 23. Suppose -5*d - 5*j + 7 = -p, -3*j = -d - 2. What is the units digit of d?
1
Let i(o) = -o**3 + 3*o - 1. Let h be i(-3). Let z = h - 1. What is the tens digit of z?
1
Let g(n) be the second derivative of n**5/20 - 2*n**4/3 + 5*n**3/3 - n**2/2 - n. What is the tens digit of g(7)?
2
Let q be (3 - -68 - -1) + -2. Suppose -3*z - 2*z = -q. What is the units digit of z?
4
Suppose -4 + 20 = 2*x. Let y(r) = r**3 - 7*r**2 - 7*r - 2. What is the units digit of y(x)?
6
Let m(g) = 5*g**2 - g - 5. What is the units digit of m(-4)?
9
Let c be (2 - -2)*(2 + -1). Let h be 174/4 - (-2)/c. Suppose 0 = 3*f - h - 1. What is the tens digit of f?
1
Suppose 0 = 4*t + 5 - 1. What is the units digit of 19/((-4 - t)/(-3))?
9
Let p be 518/(-28) - (-10)/4. Suppose 11 = -h - 0. Let t = h - p. What is the units digit of t?
5
Let w = 23 - 13. Suppose 2*k - m = -4 + 21, -k = -m - w. What is the units digit of k?
7
Let m = 479 - 236. What is the tens digit of m?
4
Suppose -2*f = -4*c + 12, -9 = 5*c + 4*f + 2. Suppose -5*b + 2*n - c = 0, 3*b + 4*n - 14 = b. W